22. Let h be (-3 + (-3)/b)/((-3)/2). What is the units digit of 18/(-5)*(12/(-8) - h)?
9
What is the tens digit of 2030193/225 + (-8)/100?
2
Let v(w) be the first derivative of -21 + 2/3*w**3 + 10*w + 11/2*w**2. What is the tens digit of v(-10)?
0
Suppose 100*r - 24 = 94*r. Suppose -3*y - 3*c = 9, 9*y - r*y = 5*c + 35. What is the units digit of y?
2
Let z = -7100 + 13716. What is the units digit of z?
6
What is the hundreds digit of -4*(-2)/(-88) - (-81486)/99?
8
Suppose 0 = 2*i + s - 104206, -3*i + s + 133916 = -22388. What is the thousands digit of i?
2
Let o = 412 - 693. Let c = 25 - o. What is the units digit of c?
6
Let r = -21786 + 30560. What is the tens digit of r?
7
Suppose 0 = 3*j - j + 56. Suppose -n - n = 44 + 22. Let a = j - n. What is the units digit of a?
5
Suppose -11 = k - 110. Let c = k + -80. Suppose 0 = -u + 4*v + c, -5*u + 2*v - 6*v + 215 = 0. What is the tens digit of u?
3
Let d(l) = -17*l**3 - 4*l - 50. What is the units digit of d(-6)?
6
Let w be (-154)/(-8) - (-25)/(-100). Let u(r) = 6*r - 3*r + 2 + w + 7. What is the tens digit of u(19)?
8
Let v(i) = 3*i**3 + 5*i**2 - 9*i + 8. Let r(f) = -f + 16*f - 24 + 9 + 2*f - 10*f**2 - 7*f**3. Let c(x) = -4*r(x) - 9*v(x). What is the units digit of c(5)?
3
Let b(n) = -4*n**2 + 24*n - 8. Let z be b(5). Suppose 13*a - z*a = 288. What is the units digit of 36/(-60) - a/(-5)?
7
Suppose 3*t - f = -32, 2*f = 5*t - 0*f + 53. Let l be (-1)/(1*2/(-2)) - t. Let c(r) = 12*r - 38. What is the tens digit of c(l)?
0
Let o(p) = -8*p**3 - 5*p**2 - 38*p + 41. What is the thousands digit of o(-15)?
6
Let n be 3 - 5 - (-567)/7. Let q = n - -68. What is the hundreds digit of q?
1
What is the hundreds digit of -11 + ((-56116082)/77)/(-19) + 8/7?
3
Suppose -10*z = -497 - 863. What is the tens digit of ((-310)/40)/((-1)/z)?
5
Let c = -1726 + 594. Let s = 2687 + c. Suppose -s = -10*l - 245. What is the hundreds digit of l?
1
Suppose 6*x + 13 = 5*x - 2*p, -13 = 4*x - 5*p. Let d(y) = -6*y**3 - 7*y**2 - 8*y + 14. What is the hundreds digit of d(x)?
7
Let p(u) = -27*u**2 + u - 1. Let h be p(-1). Let o be (144/56)/(h/(-28) + -1). Suppose 0 = -2*l + 2*z - 0*z + o, -l + 32 = z. What is the units digit of l?
4
Let x be 349 - 3 - (-4 - -2 - -2). Let s = 550 - x. What is the tens digit of s?
0
Let o = -2547 + 5014. What is the units digit of o?
7
Let t = 96374 + -36237. What is the ten thousands digit of t?
6
Suppose -u + 20 = 3*u. Suppose -2*w + 7425 - 1323 = u*s, w = s - 1219. What is the thousands digit of s?
1
Let g(o) = -212*o - 4377. What is the thousands digit of g(-94)?
5
Suppose l = 3*y - 17, -l + 5*y + 9 = 16. What is the tens digit of (-2)/16 - 34980/l?
9
Let u(h) be the second derivative of -h**5/20 + 11*h**4/6 + 3*h**3/2 - 13*h**2 - 62*h. What is the units digit of u(22)?
2
Suppose 2*w - 8216 - 1566 - 17536 = 0. What is the units digit of w?
9
Let a = -454 + 1013. Suppose 0 = 4*m - a + 119. What is the hundreds digit of m?
1
Let z = -41 + -8. Let l = -121 - z. What is the units digit of (l/(-27))/((-2)/(-84))?
2
Let o = 160940 - 96819. What is the tens digit of o?
2
Let m be (-1746)/(4 + (-4)/32*38). Let y = m - 1409. What is the tens digit of y?
1
Let f(h) = -9*h - 14*h + 22 - h**2 - 14. Let q be (-1 - 9) + (-1)/1. What is the units digit of f(q)?
0
Suppose -2*f - s + 38778 = 1597, -2*f + 3*s = -37201. What is the thousands digit of f?
8
Suppose 0 = -2*d + 4*d + 30. Let c = d - -22. Suppose 0 = -4*f - c*f + 1210. What is the hundreds digit of f?
1
Suppose 0 = d + 2 - 6. Let u be ((-9)/12)/((-6)/d)*20. Let n = 20 - u. What is the tens digit of n?
1
What is the units digit of -31098*(-5)/((-570)/(-133))?
1
Let f = -25 - -28. Suppose -h - f = -6. Suppose 0 = -h*u + 162 + 108. What is the units digit of u?
0
Let n = 123 - 75. Let l = 404 + n. Suppose 4*k - l = 2*k. What is the hundreds digit of k?
2
Suppose 8 = -3*d - 4*w, 0*d = -d - 5*w - 10. Suppose -h = 5*p + 55, 3*p - p - 2*h + 22 = d. Let c(u) = -u**2 - 15*u - 3. What is the tens digit of c(p)?
4
Let d = -6090 + 15127. What is the tens digit of d?
3
Let k = 110073 - 60747. What is the thousands digit of k?
9
What is the hundreds digit of ((8 - 0) + -7 - -45057)/2?
5
What is the tens digit of 3/42*(-52)/(-13) - 7259204/(-119)?
0
Suppose -10 - 2 = -6*n. Let z be 5 - n*-3*(-1)/3. Suppose 2*i = z*i - 50. What is the units digit of i?
0
Suppose -a - 9*f = -7*f, 5*a - 3*f = 13. Suppose -a*d - 4 = 2*l - 0*l, -l + d + 4 = 0. What is the units digit of (-56)/7*l/(-2)?
4
Let z(x) = -x**3 + 30*x**2 - 56*x - 8. Let o be z(28). Let b = 13 + o. What is the units digit of b?
5
What is the thousands digit of 1 + (-39)/52 + 3*(-99930)/(-8)?
7
Suppose 5*v + 168 = 3*p + 1309, 0 = 5*p - 4*v + 1906. Let l = -87 - p. What is the hundreds digit of l?
2
Let b = 79891 + -52808. What is the ten thousands digit of b?
2
Let c = -46 - -41. Let o be (12/(-15))/(2/c). Suppose o*d - 10 = 110. What is the units digit of d?
0
Let h(b) = -2*b + 10. Suppose p = s, 3*p + 1 = 10. Let t be h(s). Suppose t*z - 231 = 4*v + 465, -2*v = -5*z + 876. What is the tens digit of z?
7
Suppose 3*r = 5*v - 23, -5*r - v - 9 = -2*v. Let h(y) = -4*y**2 - 2*y - 1. Let c be h(r). What is the units digit of -4*(-10 + -3) - c?
5
Let x be 2 - (-10)/(-15)*(-6)/(-4). What is the tens digit of (x + (0 - 380))*(-9)/9?
7
Let u(f) = 2 + 3*f**2 + 0*f**2 - 6*f**2 + 4*f**2. Let p be u(-2). Suppose -10*k + 913 = 5*j - p*k, 0 = -2*j - 2*k + 366. What is the tens digit of j?
8
Suppose -2*i = 2*n - 91924, 2*i + 3*n - 22199 = 69733. What is the tens digit of i?
5
What is the thousands digit of (-28)/(-490) - (-1)/7 - 210762/(-15)?
4
Suppose 0 = 3*l + 3*d - 18, 0 = -5*l - 2*d + 5*d + 14. Suppose l*t + 75 = -t. Let c(p) = -p**2 - 22*p - 22. What is the tens digit of c(t)?
8
Suppose 121*x - 319*x + 2034798 = -164*x. What is the ten thousands digit of x?
5
Let b(y) = 46*y + 5. Suppose 5*m + 2*k - 67 = 0, -3*m + 2*m - 4*k = -17. Suppose -5*r + m = -4*l + 2*l, -2*r + 9 = 3*l. What is the tens digit of b(r)?
4
Let a(c) = 3*c**2 - 32*c - 41. Let r be a(12). What is the units digit of 530 + r + 1 + -6?
2
Let p(k) be the third derivative of k**4/6 - 5*k**3/2 + 14*k**2. Let n be p(5). What is the units digit of (-2 - (-280)/n)*1?
4
Suppose j + 8 = -3*j - 4*m, -j - 22 = 5*m. Suppose 21 - 27 = -j*l. Suppose 4*o = 3*c + 130, -2*c - l*c = -2*o + 70. What is the units digit of o?
1
Let w be ((-1 + 2)*1)/((-22)/(-88)). Suppose w*m - 501 - 1507 = 0. What is the tens digit of m?
0
Let i(o) = -o**3 - 7*o**2 + 5*o - 20. Suppose 0 = -5*t + 27 - 12. Suppose -2*m = d + t*d - 2, 4*d - 65 = 5*m. What is the units digit of i(m)?
7
Suppose -60*x + 47*x = -24011. Suppose -x = -11*f + 2069. What is the hundreds digit of f?
3
Suppose 7*i + 32 = 60. Let g be (-119)/(-9) + 4/(-18). What is the units digit of (-1)/((i/8)/(g/(-2)))?
3
Let p be 38811/(-39) - (1 + 90/(-78)). Let f = 1912 + p. What is the tens digit of f?
1
Suppose -8367 = -9*c - 48084. Let j = -2448 - c. What is the tens digit of j?
6
Let m = -65420 + 126226. What is the thousands digit of m?
0
Let g(t) = t**2 + t + 2. Let o be g(0). Let v be 5/(10/o)*13. Suppose -v*y + 16*y = 645. What is the units digit of y?
5
Let t = 21407 + -17038. What is the units digit of t?
9
Let t(j) = 42*j + 14. Let k be ((-16)/(-5))/8 - (-9)/15. What is the tens digit of t(k)?
5
Let v = 37 + 48. Suppose 0 = 8*p - 9*p - 3*q + v, -3*p - 5*q + 255 = 0. What is the tens digit of p?
8
Let l(t) = -170*t - 1829. What is the hundreds digit of l(-14)?
5
Suppose -60 = -676*y + 671*y. Suppose -3925 - 7871 = -y*b. What is the hundreds digit of b?
9
Suppose -j + 11577 = -3*r, 4*r - 12 = 2*r. What is the hundreds digit of j?
5
Let n(a) = 51*a - 64. Let i be 15 - 42/(-4 - -10). What is the hundreds digit of n(i)?
3
Let s = -1770 + 1058. Let h = 745 - s. What is the hundreds digit of h?
4
Suppose -9 = 4*l - 57. Suppose -5*o - 2*r + 5 + 1 = 0, 0 = o + 4*r - l. Suppose o = -21*d + 18*d + 306. What is the hundreds digit of d?
1
Suppose 35*z - 33*z - 10 = 0. Suppose z*h = 1489 + 1046. What is the tens digit of h?
0
Let m(n) = n - 49. Let a be m(27). Let g = a - -119. What is the tens digit of g?
9
Suppose 2*u = -5 + 73. Suppose -576*y - 394 = -578*y. Let g = u + y. What is the tens digit of g?
3
Suppose 4578 - 60738 = -5*u -